{"id":935,"date":"2023-10-11T21:47:25","date_gmt":"2023-10-11T19:47:25","guid":{"rendered":"https:\/\/www.labelformation76.fr\/?page_id=935"},"modified":"2024-09-01T11:47:13","modified_gmt":"2024-09-01T09:47:13","slug":"gestion-du-stress-temps-fatigue","status":"publish","type":"page","link":"https:\/\/www.labelformation76.fr\/index.php\/nos-formations\/gestion-du-stress-temps-fatigue\/","title":{"rendered":"Gestion du stress &#8211; temps &#8211; fatigue"},"content":{"rendered":"\n<div style=\"height:40px\" aria-hidden=\"true\" class=\"wp-block-spacer\"><\/div>\n\n\n\n<div class=\"wp-block-columns is-layout-flex wp-container-core-columns-is-layout-9d6595d7 wp-block-columns-is-layout-flex\">\n<div class=\"wp-block-column is-layout-flow wp-block-column-is-layout-flow\" style=\"flex-basis:33.33%\"><div class=\"wp-block-image\">\n<figure class=\"aligncenter size-full is-resized\"><img loading=\"lazy\" decoding=\"async\" width=\"600\" height=\"436\" src=\"https:\/\/www.labelformation76.fr\/publish\/wp-content\/uploads\/2021\/08\/Formation_Details.jpg\" alt=\"\" class=\"wp-image-557\" style=\"width:450px;height:327px\" srcset=\"https:\/\/www.labelformation76.fr\/wp-content\/uploads\/2021\/08\/Formation_Details.jpg 600w, https:\/\/www.labelformation76.fr\/wp-content\/uploads\/2021\/08\/Formation_Details-300x218.jpg 300w\" sizes=\"auto, (max-width: 600px) 100vw, 600px\" \/><\/figure>\n<\/div>\n\n\n<div class=\"wp-block-buttons is-horizontal is-content-justification-center is-layout-flex wp-container-core-buttons-is-layout-499968f5 wp-block-buttons-is-layout-flex\">\n<div class=\"wp-block-button is-style-primary\"><a class=\"wp-block-button__link wp-element-button\" href=\"https:\/\/www.labelformation76.fr\/wp-content\/uploads\/2024\/09\/LabelFormation_Gestion_Stress_Temps_Fatigue_202409.pdf\" target=\"_blank\" rel=\"noreferrer noopener\">T\u00e9l\u00e9charger la fiche<\/a><\/div>\n\n\n\n<div class=\"wp-block-button is-style-secondary\"><a class=\"wp-block-button__link wp-element-button\" href=\"https:\/\/www.labelformation76.fr\/wp-content\/uploads\/2021\/09\/Reglement_Interieur_LabelFormation.pdf\" target=\"_blank\" rel=\"noreferrer noopener\">R\u00e8glement int\u00e9rieur<\/a><\/div>\n<\/div>\n\n\n\n<div style=\"height:40px\" aria-hidden=\"true\" class=\"wp-block-spacer\"><\/div>\n<\/div>\n\n\n\n<div class=\"wp-block-column is-layout-flow wp-block-column-is-layout-flow\" style=\"flex-basis:66.66%\">\n<h3 class=\"wp-block-heading has-neve-link-hover-color-color has-text-color\"><strong>Gestion du stress &#8211; Temps &#8211; Fatigue<\/strong><\/h3>\n\n\n\n<div style=\"height:20px\" aria-hidden=\"true\" class=\"wp-block-spacer\"><\/div>\n\n\n\n<p>D&rsquo;une dur\u00e9e de <strong>2 jours<\/strong>, cette formation permettra :<\/p>\n\n\n\n<ul class=\"wp-block-list\">\n<li>Rep\u00e9rer les leviers et les freins pour soi et pour la personne accompagn\u00e9e dans les situations de stress : son rapport au temps, au stress, \u00e0 la fatigue<\/li>\n\n\n\n<li>Identifier ses \u00e9motions et recevoir celles de l\u2019Autre<\/li>\n\n\n\n<li>Rel\u00e2cher les tensions corporelles et psychiques en utilisant les techniques de respiration, de r\u00e9flexologue et de relaxation et les transmettre<\/li>\n\n\n\n<li>D\u00e9velopper individuellement et en \u00e9quipe des modes de communication, d\u2019organisation, facilitatrices de la relation d\u2019accompagnement<\/li>\n<\/ul>\n\n\n\n<div style=\"height:40px\" aria-hidden=\"true\" class=\"wp-block-spacer\"><\/div>\n<\/div>\n<\/div>\n\n\n\n<div class=\"wp-block-cover alignfull\" style=\"min-height:200px;aspect-ratio:unset;\"><span aria-hidden=\"true\" class=\"wp-block-cover__background has-nv-dark-bg-background-color has-background-dim-100 has-background-dim\"><\/span><div class=\"wp-block-cover__inner-container is-layout-flow wp-block-cover-is-layout-flow\">\n<div style=\"height:60px\" aria-hidden=\"true\" class=\"wp-block-spacer\"><\/div>\n\n\n\n<h3 class=\"wp-block-heading alignwide has-nv-light-bg-color has-text-color\">Objectifs p\u00e9dagogiques<\/h3>\n\n\n\n<div class=\"wp-block-columns alignwide is-layout-flex wp-container-core-columns-is-layout-9d6595d7 wp-block-columns-is-layout-flex\">\n<div class=\"wp-block-column is-layout-flow wp-block-column-is-layout-flow\">\n<ul class=\"wp-block-list has-nv-light-bg-color has-text-color\">\n<li>Identifier les notions de stress dans la d\u00e9marche de soin et d\u2019accompagnement<\/li>\n\n\n\n<li>Acqu\u00e9rir des techniques de respiration, de r\u00e9flexologie, de relaxation pour mieux r\u00e9guler ses \u00e9motions.<\/li>\n\n\n\n<li>Rep\u00e9rer ce qui fait obstacle \u00e0 la relation (professionnel-usager, les prises en charge, les refus d\u2019accompagnement, les troubles cognitifs ou troubles associ\u00e9s, les pathologies\u2026, les observations-les jugements, les sentiments-les \u00e9valuations)<\/li>\n\n\n\n<li>Clarifier ce qui se passe en soi et l\u2019accueillir (les \u00e9motions, les besoins) La gestion du stress-temps-fatigue au travail<\/li>\n\n\n\n<li>S\u2019exprimer d\u2019une mani\u00e8re qui augmente les chances d\u2019\u00eatre entendu (les demandes-les exigences, la communication positive, les mots \u00e0 favoriser et ceux \u00e0 \u00e9viter, la reformulation).Identifier et prendre conscience de la mani\u00e8re dont je prends les choses. S\u2019exercer \u00e0 l\u2019\u00e9coute empathique et \u00e0 la dimension de la gratitude (les entretiens, les entretiens avec les familles\u2026). Dire et entendre le non<\/li>\n<\/ul>\n<\/div>\n<\/div>\n\n\n\n<div style=\"height:40px\" aria-hidden=\"true\" class=\"wp-block-spacer\"><\/div>\n<\/div><\/div>\n","protected":false},"excerpt":{"rendered":"<p>Gestion du stress &#8211; Temps &#8211; Fatigue D&rsquo;une dur\u00e9e de 2 jours, cette formation permettra :<\/p>\n","protected":false},"author":1,"featured_media":0,"parent":67,"menu_order":6,"comment_status":"closed","ping_status":"closed","template":"","meta":{"neve_meta_sidebar":"","neve_meta_container":"","neve_meta_enable_content_width":"","neve_meta_content_width":0,"neve_meta_title_alignment":"","neve_meta_author_avatar":"","neve_post_elements_order":"","neve_meta_disable_header":"","neve_meta_disable_footer":"","neve_meta_disable_title":"on","footnotes":""},"class_list":["post-935","page","type-page","status-publish","hentry"],"_links":{"self":[{"href":"https:\/\/www.labelformation76.fr\/index.php\/wp-json\/wp\/v2\/pages\/935","targetHints":{"allow":["GET"]}}],"collection":[{"href":"https:\/\/www.labelformation76.fr\/index.php\/wp-json\/wp\/v2\/pages"}],"about":[{"href":"https:\/\/www.labelformation76.fr\/index.php\/wp-json\/wp\/v2\/types\/page"}],"author":[{"embeddable":true,"href":"https:\/\/www.labelformation76.fr\/index.php\/wp-json\/wp\/v2\/users\/1"}],"replies":[{"embeddable":true,"href":"https:\/\/www.labelformation76.fr\/index.php\/wp-json\/wp\/v2\/comments?post=935"}],"version-history":[{"count":5,"href":"https:\/\/www.labelformation76.fr\/index.php\/wp-json\/wp\/v2\/pages\/935\/revisions"}],"predecessor-version":[{"id":1028,"href":"https:\/\/www.labelformation76.fr\/index.php\/wp-json\/wp\/v2\/pages\/935\/revisions\/1028"}],"up":[{"embeddable":true,"href":"https:\/\/www.labelformation76.fr\/index.php\/wp-json\/wp\/v2\/pages\/67"}],"wp:attachment":[{"href":"https:\/\/www.labelformation76.fr\/index.php\/wp-json\/wp\/v2\/media?parent=935"}],"curies":[{"name":"wp","href":"https:\/\/api.w.org\/{rel}","templated":true}]}}

<div style="height:40px" aria-hidden="true" class="wp-block-spacer"></div>



<div class="wp-block-columns is-layout-flex wp-container-core-columns-is-layout-9d6595d7 wp-block-columns-is-layout-flex">
<div class="wp-block-column is-layout-flow wp-block-column-is-layout-flow" style="flex-basis:33.33%"><div class="wp-block-image">
<figure class="aligncenter size-full is-resized"><img loading="lazy" decoding="async" width="600" height="436" src="https://www.labelformation76.fr/publish/wp-content/uploads/2021/08/Formation_Details.jpg" alt="" class="wp-image-557" style="width:450px;height:327px" srcset="https://www.labelformation76.fr/wp-content/uploads/2021/08/Formation_Details.jpg 600w, https://www.labelformation76.fr/wp-content/uploads/2021/08/Formation_Details-300x218.jpg 300w" sizes="auto, (max-width: 600px) 100vw, 600px" /></figure>
</div>


<div class="wp-block-buttons is-horizontal is-content-justification-center is-layout-flex wp-container-core-buttons-is-layout-499968f5 wp-block-buttons-is-layout-flex">
<div class="wp-block-button is-style-primary"><a class="wp-block-button__link wp-element-button" href="https://www.labelformation76.fr/wp-content/uploads/2024/09/LabelFormation_Gestion_Stress_Temps_Fatigue_202409.pdf" target="_blank" rel="noreferrer noopener">Télécharger la fiche</a></div>



<div class="wp-block-button is-style-secondary"><a class="wp-block-button__link wp-element-button" href="https://www.labelformation76.fr/wp-content/uploads/2021/09/Reglement_Interieur_LabelFormation.pdf" target="_blank" rel="noreferrer noopener">Règlement intérieur</a></div>
</div>



<div style="height:40px" aria-hidden="true" class="wp-block-spacer"></div>
</div>



<div class="wp-block-column is-layout-flow wp-block-column-is-layout-flow" style="flex-basis:66.66%">
<h3 class="wp-block-heading has-neve-link-hover-color-color has-text-color"><strong>Gestion du stress &#8211; Temps &#8211; Fatigue</strong></h3>



<div style="height:20px" aria-hidden="true" class="wp-block-spacer"></div>



<p>D&rsquo;une durée de <strong>2 jours</strong>, cette formation permettra :</p>



<ul class="wp-block-list">
<li>Repérer les leviers et les freins pour soi et pour la personne accompagnée dans les situations de stress : son rapport au temps, au stress, à la fatigue</li>



<li>Identifier ses émotions et recevoir celles de l’Autre</li>



<li>Relâcher les tensions corporelles et psychiques en utilisant les techniques de respiration, de réflexologue et de relaxation et les transmettre</li>



<li>Développer individuellement et en équipe des modes de communication, d’organisation, facilitatrices de la relation d’accompagnement</li>
</ul>



<div style="height:40px" aria-hidden="true" class="wp-block-spacer"></div>
</div>
</div>



<div class="wp-block-cover alignfull" style="min-height:200px;aspect-ratio:unset;"><span aria-hidden="true" class="wp-block-cover__background has-nv-dark-bg-background-color has-background-dim-100 has-background-dim"></span><div class="wp-block-cover__inner-container is-layout-flow wp-block-cover-is-layout-flow">
<div style="height:60px" aria-hidden="true" class="wp-block-spacer"></div>



<h3 class="wp-block-heading alignwide has-nv-light-bg-color has-text-color">Objectifs pédagogiques</h3>



<div class="wp-block-columns alignwide is-layout-flex wp-container-core-columns-is-layout-9d6595d7 wp-block-columns-is-layout-flex">
<div class="wp-block-column is-layout-flow wp-block-column-is-layout-flow">
<ul class="wp-block-list has-nv-light-bg-color has-text-color">
<li>Identifier les notions de stress dans la démarche de soin et d’accompagnement</li>



<li>Acquérir des techniques de respiration, de réflexologie, de relaxation pour mieux réguler ses émotions.</li>



<li>Repérer ce qui fait obstacle à la relation (professionnel-usager, les prises en charge, les refus d’accompagnement, les troubles cognitifs ou troubles associés, les pathologies…, les observations-les jugements, les sentiments-les évaluations)</li>



<li>Clarifier ce qui se passe en soi et l’accueillir (les émotions, les besoins) La gestion du stress-temps-fatigue au travail</li>



<li>S’exprimer d’une manière qui augmente les chances d’être entendu (les demandes-les exigences, la communication positive, les mots à favoriser et ceux à éviter, la reformulation).Identifier et prendre conscience de la manière dont je prends les choses. S’exercer à l’écoute empathique et à la dimension de la gratitude (les entretiens, les entretiens avec les familles…). Dire et entendre le non</li>
</ul>
</div>
</div>



<div style="height:40px" aria-hidden="true" class="wp-block-spacer"></div>
</div></div>

<p>Gestion du stress &#8211; Temps &#8211; Fatigue D&rsquo;une durée de 2 jours, cette formation permettra :</p>
