{"id":926,"date":"2023-08-29T08:52:32","date_gmt":"2023-08-29T06:52:32","guid":{"rendered":"https:\/\/www.labelformation76.fr\/?page_id=926"},"modified":"2024-09-01T11:46:55","modified_gmt":"2024-09-01T09:46:55","slug":"ecouter-ses-emotions","status":"publish","type":"page","link":"https:\/\/www.labelformation76.fr\/index.php\/nos-formations\/ecouter-ses-emotions\/","title":{"rendered":"Ecouter ses \u00e9motions"},"content":{"rendered":"\n<div style=\"height:40px\" aria-hidden=\"true\" class=\"wp-block-spacer\"><\/div>\n\n\n\n<div class=\"wp-block-columns is-layout-flex wp-container-core-columns-is-layout-9d6595d7 wp-block-columns-is-layout-flex\">\n<div class=\"wp-block-column is-layout-flow wp-block-column-is-layout-flow\" style=\"flex-basis:33.33%\"><div class=\"wp-block-image\">\n<figure class=\"aligncenter size-full is-resized\"><img loading=\"lazy\" decoding=\"async\" width=\"600\" height=\"436\" src=\"https:\/\/www.labelformation76.fr\/publish\/wp-content\/uploads\/2021\/08\/Formation_Details.jpg\" alt=\"\" class=\"wp-image-557\" style=\"width:450px;height:327px\" srcset=\"https:\/\/www.labelformation76.fr\/wp-content\/uploads\/2021\/08\/Formation_Details.jpg 600w, https:\/\/www.labelformation76.fr\/wp-content\/uploads\/2021\/08\/Formation_Details-300x218.jpg 300w\" sizes=\"auto, (max-width: 600px) 100vw, 600px\" \/><\/figure>\n<\/div>\n\n\n<div class=\"wp-block-buttons is-horizontal is-content-justification-center is-layout-flex wp-container-core-buttons-is-layout-499968f5 wp-block-buttons-is-layout-flex\">\n<div class=\"wp-block-button is-style-primary\"><a class=\"wp-block-button__link wp-element-button\" href=\"https:\/\/www.labelformation76.fr\/wp-content\/uploads\/2024\/09\/LabelFormation_Ecoute_De_Ses_Emotions_202409.pdf\" target=\"_blank\" rel=\"noreferrer noopener\">T\u00e9l\u00e9charger la fiche<\/a><\/div>\n\n\n\n<div class=\"wp-block-button is-style-secondary\"><a class=\"wp-block-button__link wp-element-button\" href=\"https:\/\/www.labelformation76.fr\/wp-content\/uploads\/2021\/09\/Reglement_Interieur_LabelFormation.pdf\" target=\"_blank\" rel=\"noreferrer noopener\">R\u00e8glement int\u00e9rieur<\/a><\/div>\n<\/div>\n\n\n\n<div style=\"height:40px\" aria-hidden=\"true\" class=\"wp-block-spacer\"><\/div>\n<\/div>\n\n\n\n<div class=\"wp-block-column is-layout-flow wp-block-column-is-layout-flow\" style=\"flex-basis:66.66%\">\n<h3 class=\"wp-block-heading has-neve-link-hover-color-color has-text-color\"><strong>\u00catre \u00e0 l\u2019\u00e9coute de ses \u00e9motions \u2013 Techniques de Respiration et de Relaxation<\/strong><\/h3>\n\n\n\n<div style=\"height:20px\" aria-hidden=\"true\" class=\"wp-block-spacer\"><\/div>\n\n\n\n<p>D&rsquo;une dur\u00e9e de <strong>2 jours<\/strong>, cette formation permettra :<\/p>\n\n\n\n<ul class=\"wp-block-list\">\n<li>D\u00e9velopper l\u2019\u00e9coute de soi-m\u00eame et apaiser son mental.<\/li>\n\n\n\n<li>Identifier son rapport au stress et le g\u00e9rer de mani\u00e8re positive.<\/li>\n\n\n\n<li>Identifier et r\u00e9guler ses \u00e9motions.<\/li>\n\n\n\n<li>Rel\u00e2cher les tensions corporelles et psychiques en utilisant les techniques de respiration et de relaxation.<\/li>\n\n\n\n<li>Transmettre des techniques aux personnes qu\u2019il accompagne.<\/li>\n<\/ul>\n\n\n\n<div style=\"height:40px\" aria-hidden=\"true\" class=\"wp-block-spacer\"><\/div>\n<\/div>\n<\/div>\n\n\n\n<div class=\"wp-block-cover alignfull\" style=\"min-height:200px;aspect-ratio:unset;\"><span aria-hidden=\"true\" class=\"wp-block-cover__background has-nv-dark-bg-background-color has-background-dim-100 has-background-dim\"><\/span><div class=\"wp-block-cover__inner-container is-layout-flow wp-block-cover-is-layout-flow\">\n<div style=\"height:60px\" aria-hidden=\"true\" class=\"wp-block-spacer\"><\/div>\n\n\n\n<h3 class=\"wp-block-heading alignwide has-nv-light-bg-color has-text-color\">Objectifs p\u00e9dagogiques<\/h3>\n\n\n\n<div class=\"wp-block-columns alignwide is-layout-flex wp-container-core-columns-is-layout-9d6595d7 wp-block-columns-is-layout-flex\">\n<div class=\"wp-block-column is-layout-flow wp-block-column-is-layout-flow\">\n<ul class=\"wp-block-list has-nv-light-bg-color has-text-color\">\n<li>Apporter un \u00e9clairage th\u00e9orique et pratique sur la notion de stress.<\/li>\n\n\n\n<li>D\u00e9couvrir le pouvoir de la respiration et l\u2019exp\u00e9rimenter.<\/li>\n\n\n\n<li>Identifier les \u00e9motions, les r\u00e9percussions sur le corps et le mental, et les besoins associ\u00e9s.<\/li>\n\n\n\n<li>Acqu\u00e9rir des techniques de respiration et de relaxation pour mieux r\u00e9guler ses \u00e9motions.<\/li>\n<\/ul>\n<\/div>\n<\/div>\n\n\n\n<div style=\"height:40px\" aria-hidden=\"true\" class=\"wp-block-spacer\"><\/div>\n<\/div><\/div>\n","protected":false},"excerpt":{"rendered":"<p>\u00catre \u00e0 l\u2019\u00e9coute de ses \u00e9motions \u2013 Techniques de Respiration et de Relaxation D&rsquo;une dur\u00e9e de 2 jours, cette formation permettra :<\/p>\n","protected":false},"author":1,"featured_media":0,"parent":67,"menu_order":5,"comment_status":"closed","ping_status":"closed","template":"","meta":{"neve_meta_sidebar":"","neve_meta_container":"","neve_meta_enable_content_width":"","neve_meta_content_width":0,"neve_meta_title_alignment":"","neve_meta_author_avatar":"","neve_post_elements_order":"","neve_meta_disable_header":"","neve_meta_disable_footer":"","neve_meta_disable_title":"on","footnotes":""},"class_list":["post-926","page","type-page","status-publish","hentry"],"_links":{"self":[{"href":"https:\/\/www.labelformation76.fr\/index.php\/wp-json\/wp\/v2\/pages\/926","targetHints":{"allow":["GET"]}}],"collection":[{"href":"https:\/\/www.labelformation76.fr\/index.php\/wp-json\/wp\/v2\/pages"}],"about":[{"href":"https:\/\/www.labelformation76.fr\/index.php\/wp-json\/wp\/v2\/types\/page"}],"author":[{"embeddable":true,"href":"https:\/\/www.labelformation76.fr\/index.php\/wp-json\/wp\/v2\/users\/1"}],"replies":[{"embeddable":true,"href":"https:\/\/www.labelformation76.fr\/index.php\/wp-json\/wp\/v2\/comments?post=926"}],"version-history":[{"count":4,"href":"https:\/\/www.labelformation76.fr\/index.php\/wp-json\/wp\/v2\/pages\/926\/revisions"}],"predecessor-version":[{"id":1027,"href":"https:\/\/www.labelformation76.fr\/index.php\/wp-json\/wp\/v2\/pages\/926\/revisions\/1027"}],"up":[{"embeddable":true,"href":"https:\/\/www.labelformation76.fr\/index.php\/wp-json\/wp\/v2\/pages\/67"}],"wp:attachment":[{"href":"https:\/\/www.labelformation76.fr\/index.php\/wp-json\/wp\/v2\/media?parent=926"}],"curies":[{"name":"wp","href":"https:\/\/api.w.org\/{rel}","templated":true}]}}

Ecouter ses émotions

<div style="height:40px" aria-hidden="true" class="wp-block-spacer"></div>



<div class="wp-block-columns is-layout-flex wp-container-core-columns-is-layout-9d6595d7 wp-block-columns-is-layout-flex">
<div class="wp-block-column is-layout-flow wp-block-column-is-layout-flow" style="flex-basis:33.33%"><div class="wp-block-image">
<figure class="aligncenter size-full is-resized"><img loading="lazy" decoding="async" width="600" height="436" src="https://www.labelformation76.fr/publish/wp-content/uploads/2021/08/Formation_Details.jpg" alt="" class="wp-image-557" style="width:450px;height:327px" srcset="https://www.labelformation76.fr/wp-content/uploads/2021/08/Formation_Details.jpg 600w, https://www.labelformation76.fr/wp-content/uploads/2021/08/Formation_Details-300x218.jpg 300w" sizes="auto, (max-width: 600px) 100vw, 600px" /></figure>
</div>


<div class="wp-block-buttons is-horizontal is-content-justification-center is-layout-flex wp-container-core-buttons-is-layout-499968f5 wp-block-buttons-is-layout-flex">
<div class="wp-block-button is-style-primary"><a class="wp-block-button__link wp-element-button" href="https://www.labelformation76.fr/wp-content/uploads/2024/09/LabelFormation_Ecoute_De_Ses_Emotions_202409.pdf" target="_blank" rel="noreferrer noopener">Télécharger la fiche</a></div>



<div class="wp-block-button is-style-secondary"><a class="wp-block-button__link wp-element-button" href="https://www.labelformation76.fr/wp-content/uploads/2021/09/Reglement_Interieur_LabelFormation.pdf" target="_blank" rel="noreferrer noopener">Règlement intérieur</a></div>
</div>



<div style="height:40px" aria-hidden="true" class="wp-block-spacer"></div>
</div>



<div class="wp-block-column is-layout-flow wp-block-column-is-layout-flow" style="flex-basis:66.66%">
<h3 class="wp-block-heading has-neve-link-hover-color-color has-text-color"><strong>Être à l’écoute de ses émotions – Techniques de Respiration et de Relaxation</strong></h3>



<div style="height:20px" aria-hidden="true" class="wp-block-spacer"></div>



<p>D&rsquo;une durée de <strong>2 jours</strong>, cette formation permettra :</p>



<ul class="wp-block-list">
<li>Développer l’écoute de soi-même et apaiser son mental.</li>



<li>Identifier son rapport au stress et le gérer de manière positive.</li>



<li>Identifier et réguler ses émotions.</li>



<li>Relâcher les tensions corporelles et psychiques en utilisant les techniques de respiration et de relaxation.</li>



<li>Transmettre des techniques aux personnes qu’il accompagne.</li>
</ul>



<div style="height:40px" aria-hidden="true" class="wp-block-spacer"></div>
</div>
</div>



<div class="wp-block-cover alignfull" style="min-height:200px;aspect-ratio:unset;"><span aria-hidden="true" class="wp-block-cover__background has-nv-dark-bg-background-color has-background-dim-100 has-background-dim"></span><div class="wp-block-cover__inner-container is-layout-flow wp-block-cover-is-layout-flow">
<div style="height:60px" aria-hidden="true" class="wp-block-spacer"></div>



<h3 class="wp-block-heading alignwide has-nv-light-bg-color has-text-color">Objectifs pédagogiques</h3>



<div class="wp-block-columns alignwide is-layout-flex wp-container-core-columns-is-layout-9d6595d7 wp-block-columns-is-layout-flex">
<div class="wp-block-column is-layout-flow wp-block-column-is-layout-flow">
<ul class="wp-block-list has-nv-light-bg-color has-text-color">
<li>Apporter un éclairage théorique et pratique sur la notion de stress.</li>



<li>Découvrir le pouvoir de la respiration et l’expérimenter.</li>



<li>Identifier les émotions, les répercussions sur le corps et le mental, et les besoins associés.</li>



<li>Acquérir des techniques de respiration et de relaxation pour mieux réguler ses émotions.</li>
</ul>
</div>
</div>



<div style="height:40px" aria-hidden="true" class="wp-block-spacer"></div>
</div></div>

<p>Être à l’écoute de ses émotions – Techniques de Respiration et de Relaxation D&rsquo;une durée de 2 jours, cette formation permettra :</p>
