{"id":78,"date":"2021-08-14T17:13:54","date_gmt":"2021-08-14T15:13:54","guid":{"rendered":"http:\/\/labelforda.cluster020.hosting.ovh.net\/publish\/?page_id=78"},"modified":"2024-09-01T11:45:44","modified_gmt":"2024-09-01T09:45:44","slug":"bientraitance-bienveillance","status":"publish","type":"page","link":"https:\/\/www.labelformation76.fr\/index.php\/nos-formations\/bientraitance-bienveillance\/","title":{"rendered":"Bientraitance Bienveillance"},"content":{"rendered":"\n<div style=\"height:40px\" aria-hidden=\"true\" class=\"wp-block-spacer\"><\/div>\n\n\n\n<div class=\"wp-block-columns is-layout-flex wp-container-core-columns-is-layout-9d6595d7 wp-block-columns-is-layout-flex\">\n<div class=\"wp-block-column is-layout-flow wp-block-column-is-layout-flow\" style=\"flex-basis:33.33%\"><div class=\"wp-block-image\">\n<figure class=\"aligncenter size-full is-resized\"><img loading=\"lazy\" decoding=\"async\" width=\"600\" height=\"436\" src=\"https:\/\/www.labelformation76.fr\/publish\/wp-content\/uploads\/2021\/08\/Formation_Details.jpg\" alt=\"\" class=\"wp-image-557\" style=\"width:450px;height:327px\" srcset=\"https:\/\/www.labelformation76.fr\/wp-content\/uploads\/2021\/08\/Formation_Details.jpg 600w, https:\/\/www.labelformation76.fr\/wp-content\/uploads\/2021\/08\/Formation_Details-300x218.jpg 300w\" sizes=\"auto, (max-width: 600px) 100vw, 600px\" \/><\/figure>\n<\/div>\n\n\n<div class=\"wp-block-buttons is-horizontal is-content-justification-center is-layout-flex wp-container-core-buttons-is-layout-499968f5 wp-block-buttons-is-layout-flex\">\n<div class=\"wp-block-button is-style-primary\"><a class=\"wp-block-button__link wp-element-button\" href=\"https:\/\/www.labelformation76.fr\/wp-content\/uploads\/2024\/09\/LabelFormation_Communication_Non_Violente_202409.pdf\" target=\"_blank\" rel=\"noreferrer noopener\">T\u00e9l\u00e9charger la fiche<\/a><\/div>\n\n\n\n<div class=\"wp-block-button is-style-secondary\"><a class=\"wp-block-button__link wp-element-button\" href=\"https:\/\/www.labelformation76.fr\/wp-content\/uploads\/2021\/09\/Reglement_Interieur_LabelFormation.pdf\" target=\"_blank\" rel=\"noreferrer noopener\">R\u00e8glement int\u00e9rieur<\/a><\/div>\n<\/div>\n\n\n\n<div style=\"height:40px\" aria-hidden=\"true\" class=\"wp-block-spacer\"><\/div>\n<\/div>\n\n\n\n<div class=\"wp-block-column is-layout-flow wp-block-column-is-layout-flow\" style=\"flex-basis:66.66%\">\n<h3 class=\"wp-block-heading has-neve-link-hover-color-color has-text-color\"><strong><strong>Communiquer et penser autrement :<\/strong><\/strong><br><strong><strong>Bientraitance<\/strong><\/strong> <strong>Bienveillance<\/strong><\/h3>\n\n\n\n<p>D&rsquo;une dur\u00e9e de <strong>3 jours<\/strong>, cette formation permettra :<\/p>\n\n\n\n<ul class=\"wp-block-list\">\n<li>D\u00e9velopper individuellement et en \u00e9quipe des modes de communication facilitatrices de la relation \u00e9ducative<\/li>\n\n\n\n<li>De savoir identifier les obstacles et freins<\/li>\n\n\n\n<li>De savoir analyser des situations avant, pendant et apr\u00e8s crise afin de mettre en place, en \u00e9quipe, des protocoles d\u2019am\u00e9lioration des conduites d\u2019entretien<\/li>\n<\/ul>\n<\/div>\n<\/div>\n\n\n\n<div style=\"height:40px\" aria-hidden=\"true\" class=\"wp-block-spacer\"><\/div>\n\n\n\n<div class=\"wp-block-cover alignfull\" style=\"min-height:200px;aspect-ratio:unset;\"><span aria-hidden=\"true\" class=\"wp-block-cover__background has-nv-dark-bg-background-color has-background-dim-100 has-background-dim\"><\/span><div class=\"wp-block-cover__inner-container is-layout-flow wp-block-cover-is-layout-flow\">\n<div style=\"height:60px\" aria-hidden=\"true\" class=\"wp-block-spacer\"><\/div>\n\n\n\n<h3 class=\"wp-block-heading alignwide has-nv-light-bg-color has-text-color\">Objectifs p\u00e9dagogiques<\/h3>\n\n\n\n<div class=\"wp-block-columns alignwide is-layout-flex wp-container-core-columns-is-layout-9d6595d7 wp-block-columns-is-layout-flex\">\n<div class=\"wp-block-column is-layout-flow wp-block-column-is-layout-flow\">\n<ul class=\"wp-block-list has-nv-light-bg-color has-text-color\">\n<li>Rappels g\u00e9n\u00e9raux autour de la Bientraitance dans la d\u00e9marche de soin et d\u2019accompagnement, revisiter les protocoles d\u2019intervention : aspects \u00e9thiques et juridiques<\/li>\n\n\n\n<li>Rep\u00e9rer ce qui fait obstacle \u00e0 la relation (professionnel-usager, les prises en charge, les refus d\u2019accompagnement, les troubles cognitifs ou troubles associ\u00e9s, les pathologies\u2026, les observations-les jugements, les sentiments-les \u00e9valuations)<\/li>\n\n\n\n<li>Clarifier ce qui se passe en soi et l\u2019accueillir (les \u00e9motions, les besoins) La gestion du stress-temps-fatigue au travail<\/li>\n\n\n\n<li>S\u2019exprimer d\u2019une mani\u00e8re qui augmente les chances d\u2019\u00eatre entendu (les demandes-les exigences, la communication positive, les mots \u00e0 favoriser et ceux \u00e0 \u00e9viter, la reformulation). Identifier et prendre conscience de la mani\u00e8re dont je prends les choses. S\u2019exercer \u00e0 l\u2019\u00e9coute empathique et \u00e0 la dimension de la gratitude (les entretiens \u00e9ducatifs, les entretiens avec les familles\u2026). Dire et entendre le non<\/li>\n<\/ul>\n<\/div>\n<\/div>\n\n\n\n<div style=\"height:40px\" aria-hidden=\"true\" class=\"wp-block-spacer\"><\/div>\n<\/div><\/div>\n","protected":false},"excerpt":{"rendered":"<p>Communiquer et penser autrement :Bientraitance Bienveillance D&rsquo;une dur\u00e9e de 3 jours, cette formation permettra :<\/p>\n","protected":false},"author":1,"featured_media":0,"parent":67,"menu_order":1,"comment_status":"closed","ping_status":"closed","template":"","meta":{"neve_meta_sidebar":"","neve_meta_container":"","neve_meta_enable_content_width":"","neve_meta_content_width":0,"neve_meta_title_alignment":"","neve_meta_author_avatar":"","neve_post_elements_order":"","neve_meta_disable_header":"","neve_meta_disable_footer":"","neve_meta_disable_title":"on","footnotes":""},"class_list":["post-78","page","type-page","status-publish","hentry"],"_links":{"self":[{"href":"https:\/\/www.labelformation76.fr\/index.php\/wp-json\/wp\/v2\/pages\/78","targetHints":{"allow":["GET"]}}],"collection":[{"href":"https:\/\/www.labelformation76.fr\/index.php\/wp-json\/wp\/v2\/pages"}],"about":[{"href":"https:\/\/www.labelformation76.fr\/index.php\/wp-json\/wp\/v2\/types\/page"}],"author":[{"embeddable":true,"href":"https:\/\/www.labelformation76.fr\/index.php\/wp-json\/wp\/v2\/users\/1"}],"replies":[{"embeddable":true,"href":"https:\/\/www.labelformation76.fr\/index.php\/wp-json\/wp\/v2\/comments?post=78"}],"version-history":[{"count":24,"href":"https:\/\/www.labelformation76.fr\/index.php\/wp-json\/wp\/v2\/pages\/78\/revisions"}],"predecessor-version":[{"id":1024,"href":"https:\/\/www.labelformation76.fr\/index.php\/wp-json\/wp\/v2\/pages\/78\/revisions\/1024"}],"up":[{"embeddable":true,"href":"https:\/\/www.labelformation76.fr\/index.php\/wp-json\/wp\/v2\/pages\/67"}],"wp:attachment":[{"href":"https:\/\/www.labelformation76.fr\/index.php\/wp-json\/wp\/v2\/media?parent=78"}],"curies":[{"name":"wp","href":"https:\/\/api.w.org\/{rel}","templated":true}]}}

<div style="height:40px" aria-hidden="true" class="wp-block-spacer"></div>



<div class="wp-block-columns is-layout-flex wp-container-core-columns-is-layout-9d6595d7 wp-block-columns-is-layout-flex">
<div class="wp-block-column is-layout-flow wp-block-column-is-layout-flow" style="flex-basis:33.33%"><div class="wp-block-image">
<figure class="aligncenter size-full is-resized"><img loading="lazy" decoding="async" width="600" height="436" src="https://www.labelformation76.fr/publish/wp-content/uploads/2021/08/Formation_Details.jpg" alt="" class="wp-image-557" style="width:450px;height:327px" srcset="https://www.labelformation76.fr/wp-content/uploads/2021/08/Formation_Details.jpg 600w, https://www.labelformation76.fr/wp-content/uploads/2021/08/Formation_Details-300x218.jpg 300w" sizes="auto, (max-width: 600px) 100vw, 600px" /></figure>
</div>


<div class="wp-block-buttons is-horizontal is-content-justification-center is-layout-flex wp-container-core-buttons-is-layout-499968f5 wp-block-buttons-is-layout-flex">
<div class="wp-block-button is-style-primary"><a class="wp-block-button__link wp-element-button" href="https://www.labelformation76.fr/wp-content/uploads/2024/09/LabelFormation_Communication_Non_Violente_202409.pdf" target="_blank" rel="noreferrer noopener">Télécharger la fiche</a></div>



<div class="wp-block-button is-style-secondary"><a class="wp-block-button__link wp-element-button" href="https://www.labelformation76.fr/wp-content/uploads/2021/09/Reglement_Interieur_LabelFormation.pdf" target="_blank" rel="noreferrer noopener">Règlement intérieur</a></div>
</div>



<div style="height:40px" aria-hidden="true" class="wp-block-spacer"></div>
</div>



<div class="wp-block-column is-layout-flow wp-block-column-is-layout-flow" style="flex-basis:66.66%">
<h3 class="wp-block-heading has-neve-link-hover-color-color has-text-color"><strong><strong>Communiquer et penser autrement :</strong></strong><br><strong><strong>Bientraitance</strong></strong> <strong>Bienveillance</strong></h3>



<p>D&rsquo;une durée de <strong>3 jours</strong>, cette formation permettra :</p>



<ul class="wp-block-list">
<li>Développer individuellement et en équipe des modes de communication facilitatrices de la relation éducative</li>



<li>De savoir identifier les obstacles et freins</li>



<li>De savoir analyser des situations avant, pendant et après crise afin de mettre en place, en équipe, des protocoles d’amélioration des conduites d’entretien</li>
</ul>
</div>
</div>



<div style="height:40px" aria-hidden="true" class="wp-block-spacer"></div>



<div class="wp-block-cover alignfull" style="min-height:200px;aspect-ratio:unset;"><span aria-hidden="true" class="wp-block-cover__background has-nv-dark-bg-background-color has-background-dim-100 has-background-dim"></span><div class="wp-block-cover__inner-container is-layout-flow wp-block-cover-is-layout-flow">
<div style="height:60px" aria-hidden="true" class="wp-block-spacer"></div>



<h3 class="wp-block-heading alignwide has-nv-light-bg-color has-text-color">Objectifs pédagogiques</h3>



<div class="wp-block-columns alignwide is-layout-flex wp-container-core-columns-is-layout-9d6595d7 wp-block-columns-is-layout-flex">
<div class="wp-block-column is-layout-flow wp-block-column-is-layout-flow">
<ul class="wp-block-list has-nv-light-bg-color has-text-color">
<li>Rappels généraux autour de la Bientraitance dans la démarche de soin et d’accompagnement, revisiter les protocoles d’intervention : aspects éthiques et juridiques</li>



<li>Repérer ce qui fait obstacle à la relation (professionnel-usager, les prises en charge, les refus d’accompagnement, les troubles cognitifs ou troubles associés, les pathologies…, les observations-les jugements, les sentiments-les évaluations)</li>



<li>Clarifier ce qui se passe en soi et l’accueillir (les émotions, les besoins) La gestion du stress-temps-fatigue au travail</li>



<li>S’exprimer d’une manière qui augmente les chances d’être entendu (les demandes-les exigences, la communication positive, les mots à favoriser et ceux à éviter, la reformulation). Identifier et prendre conscience de la manière dont je prends les choses. S’exercer à l’écoute empathique et à la dimension de la gratitude (les entretiens éducatifs, les entretiens avec les familles…). Dire et entendre le non</li>
</ul>
</div>
</div>



<div style="height:40px" aria-hidden="true" class="wp-block-spacer"></div>
</div></div>

<p>Communiquer et penser autrement :Bientraitance Bienveillance D&rsquo;une durée de 3 jours, cette formation permettra :</p>
