{"id":65,"date":"2021-08-14T16:53:25","date_gmt":"2021-08-14T14:53:25","guid":{"rendered":"http:\/\/labelforda.cluster020.hosting.ovh.net\/publish\/?page_id=65"},"modified":"2024-07-04T09:06:57","modified_gmt":"2024-07-04T07:06:57","slug":"a-propos","status":"publish","type":"page","link":"https:\/\/www.labelformation76.fr\/index.php\/a-propos\/","title":{"rendered":"A propos"},"content":{"rendered":"\n<div class=\"wp-block-cover alignfull is-light\" style=\"min-height:500px;aspect-ratio:unset;\"><span aria-hidden=\"true\" class=\"wp-block-cover__background has-nv-dark-bg-background-color has-background-dim-10 has-background-dim\"><\/span><img loading=\"lazy\" decoding=\"async\" width=\"900\" height=\"600\" class=\"wp-block-cover__image-background wp-image-481\" alt=\"\" src=\"https:\/\/www.labelformation76.fr\/publish\/wp-content\/uploads\/2021\/08\/A_Propos_1.jpg\" style=\"object-position:50% 15%\" data-object-fit=\"cover\" data-object-position=\"50% 15%\" srcset=\"https:\/\/www.labelformation76.fr\/wp-content\/uploads\/2021\/08\/A_Propos_1.jpg 900w, https:\/\/www.labelformation76.fr\/wp-content\/uploads\/2021\/08\/A_Propos_1-300x200.jpg 300w, https:\/\/www.labelformation76.fr\/wp-content\/uploads\/2021\/08\/A_Propos_1-768x512.jpg 768w\" sizes=\"auto, (max-width: 900px) 100vw, 900px\" \/><div class=\"wp-block-cover__inner-container is-layout-flow wp-block-cover-is-layout-flow\">\n<p class=\"has-text-align-center has-large-font-size\"><\/p>\n<\/div><\/div>\n\n\n\n<div style=\"height:60px\" aria-hidden=\"true\" class=\"wp-block-spacer\"><\/div>\n\n\n\n<div class=\"wp-block-columns is-layout-flex wp-container-core-columns-is-layout-9d6595d7 wp-block-columns-is-layout-flex\">\n<div class=\"wp-block-column is-layout-flow wp-block-column-is-layout-flow\" style=\"flex-basis:33.33%\">\n<figure class=\"wp-block-image size-full is-resized is-style-rounded\"><img loading=\"lazy\" decoding=\"async\" width=\"1080\" height=\"1620\" src=\"https:\/\/www.labelformation76.fr\/wp-content\/uploads\/2024\/07\/Profil.jpg\" alt=\"\" class=\"wp-image-969\" style=\"width:281px;height:400px\" srcset=\"https:\/\/www.labelformation76.fr\/wp-content\/uploads\/2024\/07\/Profil.jpg 1080w, https:\/\/www.labelformation76.fr\/wp-content\/uploads\/2024\/07\/Profil-200x300.jpg 200w, https:\/\/www.labelformation76.fr\/wp-content\/uploads\/2024\/07\/Profil-683x1024.jpg 683w, https:\/\/www.labelformation76.fr\/wp-content\/uploads\/2024\/07\/Profil-768x1152.jpg 768w, https:\/\/www.labelformation76.fr\/wp-content\/uploads\/2024\/07\/Profil-1024x1536.jpg 1024w\" sizes=\"auto, (max-width: 1080px) 100vw, 1080px\" \/><figcaption class=\"wp-element-caption\"><a href=\"https:\/\/www.linkedin.com\/in\/anne-laure-sabata-452b35181\/\">Anne-Laure SABATA<\/a> &#8211; Dirigeante<\/figcaption><\/figure>\n<\/div>\n\n\n\n<div class=\"wp-block-column is-vertically-aligned-top is-layout-flow wp-block-column-is-layout-flow\" style=\"flex-basis:66.66%\">\n<h3 class=\"wp-block-heading\">Qui suis-je?<\/h3>\n\n\n\n<p>De formation \u00e9ducatrice sp\u00e9cialis\u00e9e, j\u2019ai travaill\u00e9 pendant plus de 15 ans dans les secteurs de la protection de l\u2019enfance (enfants, adolescents, jeunes majeurs), du handicap, de la d\u00e9linquance, du soutien \u00e0 la parentalit\u00e9 (violences conjugales, alcoolisme, toxicomanie, troubles psychiatriques, \u2026)<\/p>\n\n\n\n<p>Des rencontres sur mon chemin professionnel, des opportunit\u00e9s, m\u2019ont amen\u00e9 \u00e0 me former (communication non violente, analyse transactionnelle, syst\u00e9mie, formation de formateur, PNL, hypnose, \u2026) j\u2019ai commenc\u00e9 par ailleurs, des vacations de formation en 2005.<\/p>\n\n\n\n<p>Un stand-by dans ma carri\u00e8re d\u2019\u00e9ducatrice en 2016 pour me diriger vers un grand show de formatrice \u00e0 temps plein, avec pour grand th\u00e8me phare de mon activit\u00e9 : La gestion de crise, violence, agressivit\u00e9 et contenance physique.<\/p>\n\n\n\n<p>L\u2019exp\u00e9rience de 10 ann\u00e9es, m\u2019a conduit aujourd\u2019hui \u00e0 proposer une diversit\u00e9 de formations autour de diff\u00e9rents th\u00e8mes et avec des approches sp\u00e9cifiques aux attentes et objectifs des services et des personnes form\u00e9es.<\/p>\n\n\n\n<p>Femme pleine d\u2019ambition, c\u2019est tout naturellement que ma propre entreprise <strong>Anne-Laure SABATA (Label&rsquo;Formation)<\/strong> a vu le jour. J\u2019interviens seule ou en co-animation pour proposer des formations bas\u00e9es autour de mes exp\u00e9riences pour \u00eatre au plus pr\u00e8s de la r\u00e9alit\u00e9 de chacun. Formations vivantes, avec des supports concrets et transf\u00e9rables sur le terrain professionnel.<\/p>\n<\/div>\n<\/div>\n\n\n\n<div style=\"height:40px\" aria-hidden=\"true\" class=\"wp-block-spacer\"><\/div>\n\n\n\n<div class=\"wp-block-cover alignfull is-light\" style=\"min-height:200px;aspect-ratio:unset;\"><span aria-hidden=\"true\" class=\"wp-block-cover__background has-nv-light-bg-background-color has-background-dim-100 has-background-dim\"><\/span><div class=\"wp-block-cover__inner-container is-layout-flow wp-block-cover-is-layout-flow\">\n<div style=\"height:60px\" aria-hidden=\"true\" class=\"wp-block-spacer\"><\/div>\n\n\n\n<div class=\"wp-block-group alignwide\"><div class=\"wp-block-group__inner-container is-layout-flow wp-block-group-is-layout-flow\">\n<h3 class=\"wp-block-heading has-neve-text-color-color has-text-color\">Nos intervenants<\/h3>\n\n\n\n<p class=\"has-neve-text-color-color has-text-color\">Anne-Laure SABATA s&rsquo;entoure de professionnels de terrain pour penser et co-animer les actions de formation :<\/p>\n\n\n\n<ul class=\"has-neve-text-color-color has-text-color wp-block-list\">\n<li>Educateurs sp\u00e9cialis\u00e9s<\/li>\n\n\n\n<li>Psychologues<\/li>\n<\/ul>\n<\/div><\/div>\n\n\n\n<div style=\"height:60px\" aria-hidden=\"true\" class=\"wp-block-spacer\"><\/div>\n<\/div><\/div>\n\n\n\n<div class=\"wp-block-cover alignfull is-light has-custom-content-position is-position-top-center\" style=\"min-height:50px;aspect-ratio:unset;\"><span aria-hidden=\"true\" class=\"wp-block-cover__background has-nv-dark-bg-background-color has-background-dim-100 has-background-dim\"><\/span><div class=\"wp-block-cover__inner-container is-layout-flow wp-block-cover-is-layout-flow\">\n<div style=\"height:60px\" aria-hidden=\"true\" class=\"wp-block-spacer\"><\/div>\n\n\n\n<div class=\"wp-block-columns alignwide is-layout-flex wp-container-core-columns-is-layout-9d6595d7 wp-block-columns-is-layout-flex\">\n<div class=\"wp-block-column is-vertically-aligned-top is-layout-flow wp-block-column-is-layout-flow\" style=\"flex-basis:100%\">\n<h3 class=\"wp-block-heading has-nv-site-bg-color has-text-color\">Nos partenaires sp\u00e9cifiques aux Personnes en Situation de Handicap<\/h3>\n\n\n\n<ul class=\"has-nv-light-bg-color has-text-color wp-block-list\">\n<li>Association d&rsquo;aides humaines pour sourds et malentendants (interpr\u00e8tes)<\/li>\n<\/ul>\n\n\n\n<div style=\"height:40px\" aria-hidden=\"true\" class=\"wp-block-spacer\"><\/div>\n<\/div>\n<\/div>\n<\/div><\/div>\n","protected":false},"excerpt":{"rendered":"<p>Qui suis-je? De formation \u00e9ducatrice sp\u00e9cialis\u00e9e, j\u2019ai travaill\u00e9 pendant plus de 15 ans dans les secteurs de la protection de l\u2019enfance (enfants, adolescents, jeunes majeurs), du handicap, de la d\u00e9linquance, du soutien \u00e0 la parentalit\u00e9 (violences conjugales, alcoolisme, toxicomanie, troubles psychiatriques, \u2026) Des rencontres sur mon chemin professionnel, des opportunit\u00e9s, m\u2019ont amen\u00e9 \u00e0 me former&hellip;&nbsp;<a href=\"https:\/\/www.labelformation76.fr\/index.php\/a-propos\/\" rel=\"bookmark\">Lire la suite &raquo;<span class=\"screen-reader-text\">A propos<\/span><\/a><\/p>\n","protected":false},"author":1,"featured_media":0,"parent":0,"menu_order":0,"comment_status":"closed","ping_status":"closed","template":"","meta":{"neve_meta_sidebar":"","neve_meta_container":"","neve_meta_enable_content_width":"","neve_meta_content_width":0,"neve_meta_title_alignment":"","neve_meta_author_avatar":"","neve_post_elements_order":"","neve_meta_disable_header":"","neve_meta_disable_footer":"","neve_meta_disable_title":"on","footnotes":""},"class_list":["post-65","page","type-page","status-publish","hentry"],"_links":{"self":[{"href":"https:\/\/www.labelformation76.fr\/index.php\/wp-json\/wp\/v2\/pages\/65","targetHints":{"allow":["GET"]}}],"collection":[{"href":"https:\/\/www.labelformation76.fr\/index.php\/wp-json\/wp\/v2\/pages"}],"about":[{"href":"https:\/\/www.labelformation76.fr\/index.php\/wp-json\/wp\/v2\/types\/page"}],"author":[{"embeddable":true,"href":"https:\/\/www.labelformation76.fr\/index.php\/wp-json\/wp\/v2\/users\/1"}],"replies":[{"embeddable":true,"href":"https:\/\/www.labelformation76.fr\/index.php\/wp-json\/wp\/v2\/comments?post=65"}],"version-history":[{"count":42,"href":"https:\/\/www.labelformation76.fr\/index.php\/wp-json\/wp\/v2\/pages\/65\/revisions"}],"predecessor-version":[{"id":970,"href":"https:\/\/www.labelformation76.fr\/index.php\/wp-json\/wp\/v2\/pages\/65\/revisions\/970"}],"wp:attachment":[{"href":"https:\/\/www.labelformation76.fr\/index.php\/wp-json\/wp\/v2\/media?parent=65"}],"curies":[{"name":"wp","href":"https:\/\/api.w.org\/{rel}","templated":true}]}}